ase 9
-2
Convert 4a (base 15) to base 9.
77
-17 (base 8) to base 16
-f
-1 (base 6) to base 16
-1
-47 (base 14) to base 5
-223
Convert -7 (base 8) to base 7.
-10
Convert -110111000 (base 2) to base 16.
-1b8
Convert a (base 15) to base 10.
10
-13 (base 5) to base 2
-1000
-12 (base 4) to base 15
-6
What is 1001101 (base 2) in base 13?
5c
-1 (base 16) to base 8
-1
What is -36 (base 15) in base 13?
-3c
What is 4 (base 7) in base 2?
100
Convert -3 (base 10) to base 9.
-3
Convert -9 (base 14) to base 8.
-11
-23 (base 11) to base 7
-34
Convert -10 (base 4) to base 2.
-100
Convert -1 (base 8) to base 11.
-1
-100 (base 2) to base 5
-4
-250 (base 9) to base 6
-543
-6 (base 16) to base 14
-6
Convert 104 (base 5) to base 10.
29
-b (base 15) to base 11
-10
What is -10000 (base 3) in base 13?
-63
What is -2230 (base 5) in base 7?
-630
What is -3 (base 4) in base 16?
-3
Convert 1 (base 15) to base 10.
1
Convert 223 (base 4) to base 3.
1121
Convert -72 (base 8) to base 7.
-112
-100 (base 4) to base 13
-13
What is 0 (base 7) in base 12?
0
What is 65 (base 14) in base 7?
155
-1 (base 16) to base 10
-1
33 (base 6) to base 13
18
81 (base 12) to base 3
10121
Convert -12 (base 4) to base 10.
-6
-13 (base 16) to base 4
-103
10 (base 2) to base 10
2
Convert -1 (base 9) to base 14.
-1
Convert -30 (base 5) to base 4.
-33
What is 10 (base 6) in base 14?
6
Convert 12 (base 3) to base 7.
5
11210 (base 3) to base 4
2001
Convert -10 (base 4) to base 3.
-11
What is -6 (base 8) in base 15?
-6
Convert -11 (base 11) to base 16.
-c
Convert -100 (base 2) to base 7.
-4
Convert -4 (base 8) to base 9.
-4
-145 (base 7) to base 15
-57
What is 101111 (base 2) in base 6?
115
Convert 32 (base 4) to base 11.
13
Convert -15 (base 10) to base 5.
-30
Convert -2d (base 14) to base 2.
-101001
-166 (base 8) to base 9
-141
-3 (base 8) to base 12
-3
101 (base 2) to base 15
5
What is -10101 (base 2) in base 9?
-23
Convert 1 (base 3) to base 8.
1
What is -40 (base 14) in base 12?
-48
What is -11 (base 14) in base 12?
-13
Convert 3 (base 15) to base 5.
3
What is -41 (base 10) in base 2?
-101001
-502 (base 6) to base 16
-b6
What is -3 (base 16) in base 9?
-3
Convert -11 (base 4) to base 3.
-12
What is 6 (base 8) in base 12?
6
-77 (base 9) to base 11
-64
Convert -6 (base 15) to base 10.
-6
What is -1 (base 15) in base 9?
-1
Convert 0 (base 14) to base 15.
0
What is -3 (base 5) in base 15?
-3
Convert -232 (base 4) to base 13.
-37
Convert -b (base 13) to base 2.
-1011
Convert -6e (base 15) to base 12.
-88
What is 27 (base 8) in base 5?
43
Convert -7 (base 10) to base 2.
-111
Convert -1 (base 11) to base 12.
-1
Convert 3 (base 12) to base 7.
3
Convert 2 (base 6) to base 3.
2
What is 1 (base 7) in base 13?
1
Convert 9 (base 16) to base 13.
9
Convert -1101101 (base 2) to base 10.
-109
7c (base 16) to base 12
a4
Convert -38 (base 11) to base 7.
-56
Convert -30 (base 4) to base 11.
-11
Convert 10110 (base 2) to base 9.
24
0 (base 7) to base 15
0
What is -b (base 13) in base 4?
-23
What is 554 (base 8) in base 9?
444
5 (base 6) to base 10
5
Convert 64 (base 14) to base 13.
6a
-353 (base 8) to base 9
-281
What is -95 (base 16) in base 13?
-b6
Convert 10 (base 14) to base 4.
32
What is 1 (base 3) in base 4?
1
Convert 4 (base 5) to base 8.
4
0 (base 8) to base 11
0
-1f (base 16) to base 15
-21
Convert 10011 (base 2) to base 3.
201
Convert 22112 (base 3) to base 2.
11100110
1 (base 5) to base 16
1
-10 (base 16) to base 9
-17
Convert -2 (base 14) to base 11.
-2
1 (base 3) to base 6
1
-45 (base 6) to base 3
-1002
147 (base 14) to base 16
103
3 (base 15) to base 13
3
-102 (base 5) to base 16
-1b
11 (base 6) to base 14
7
Convert 19 (base 15) to base 12.
20
What is -3 (base 10) in base 13?
-3
What is 1 (base 4) in base 14?
1
Convert 14 (base 6) to base 14.
a
-6 (base 14) to base 11
-6
55 (base 15) to base 11
73
Convert -100 (base 2) to base 4.
-10
Convert 4 (base 10) to base 16.
4
95 (base 11) to base 3
10212
Convert 2 (base 8) to base 11.
2
What is -24 (base 9) in base 3?
-211
Convert 5 (base 13) to base 6.
5
What is -2 (base 12) in base 5?
-2
Convert -67 (base 15) to base 12.
-81
133 (base 12) to base 15
c3
Convert 141 (base 5) to base 4.
232
What is -131 (base 8) in base 7?
-155
14 (base 11) to base 16
f
What is 6 (base 12) in base 13?
6
What is -30 (base 10) in base 5?
-110
-2 (base 5) to base 16
-2
Convert 0 (base 8) to base 14.
0
What is -212 (base 10) in base 6?
-552
-4 (base 7) to base 8
-4
Convert -a (base 11) to base 4.
-22
What is 20 (base 4) in base 2?
1000
What is -1010 (base 3) in base 6?
-50
Convert -15 (base 8) to base 13.
-10
What is -2 (base 4) in base 14?
-2
-31 (base 10) to base 9
-34
-21 (base 8) to base 9
-18
What is 25 (base 6) in base 14?
13
80 (base 15) to base 8
170
What is -37 (base 12) in base 10?
-43
Convert 2c (base 15) to base 3.
1120
What is 12 (base 9) in base 5?
21
What is 1010 (base 2) in base 10?
10
What is 101 (base 3) in base 13?
a
What is -121 (base 3) in base 12?
-14
1a0 (base 11) to base 4
3213
What is 5 (base 9) in base 5?
10
What is -66 (base 16) in base 10?
-102
What is 4 (base 16) in base 6?
4
Convert -19 (base 10) to base 6.
-31
What is 94 (base 11) in base 16?
67
-222 (base 3) to base 13
-20
Convert -182 (base 9) to base 10.
-155
Convert 4 (base 8) to base 15.
4
Convert -11111 (base 2) to base 5.
-111
What is 1 (base 12) in base 4?
1
Convert -14 (base 14) to base 13.
-15
Convert -56 (base 9) to base 8.
-63
Convert -2 (base 14) to base 10.
-2
Convert -44 (base 11) to base 7.
-66
-38 (base 13) to base 5
-142
25 (base 15) to base 14
27
What is 3 (base 11) in base 7?
3
2 (base 16) to base 6
2
67 (base 8) to base 16
37
8 (base 14) to base 3
22
What is -165 (base 7) in base 5?
-341
Convert -88 (base 15) to base 4.
-2000
What is 3 (base 12) in base 14?
3
What is -2 (base 3) in base 12?
-2
1 (base 7) to base 2
1
What is -54 (base 8) in base 2?
-101100
Convert 3 (base 12) to base 8.
3
-3 (base 11) to base 14
-3
What is 81 (base 11) in base 16?
59
Convert -3 (base 14) to base 7.
-3
What is -120 (base 8) in base 4?
-1100
Convert -29 (base 10) to base 3.
-1002
Convert -1 (base 15) to base 2.
-1
-6 (base 9) to base 7
-6
What is 5d (base 16) in base 14?
69
30 (base 7) to base 4
111
-47 (base 16) to base 4
-1013
What is 1 (base 12) in base 11?
1
What is -10 (base 8) in base 6?
-12
Convert 22 (base 14) to base 7.
42
Convert -6 (base 11) to base 4.
-12
Convert 26 (base 12) to base 11.
28
What is 23 (base 15) in base 13?
27
12e (base 15) to base 10
269
What is -14 (base 5) in base 8?
-11
What is 11 (base 7) in base 2?
1000
Convert 16 (base 11) to base 6.
25
Convert 3 (base 6) to base 9.
3
What is 3 (base 7) in base 16?
3
What is 5 (base 14) in base 15?
5
10122 (base 3) to base 9
118
Convert 2 (base 8) to base 9.
2
What is 12 (base 7) in base 13?
9
What is 5 (base 11) in base 4?
11
132 (base 7) to base 11
66
Convert -8 (base 10) to base 6.
-12
Convert -1 (base 12) to base 16.
-1
11 (base 2) to base 16
3
Convert 24 (base 5) to base 12.
12
Convert -5 (base 8) to base 6.
-5
1112 (base 4) to base 15
5b
18 (base 15) to base 8
27
What is 28 (base 9) in base 8?
32
Convert -2 (base 7) to base 16.
-2
-102 (base 3) to base 4
-23
Convert 54 (base 10) to base 4.
312
Convert 272 (base 8) to base 12.
136
What is 7 (base 11) in base 3?
21
What is -3 (base 5) in base 3?
-10
What is -11 (base 6) in base 9?
-7
-7 (base 14) to base 7
-10
What is 12 (base 6) in base 3?
22
Convert 1 (base 16) to base 12.
1
30 (base 6) to base 10
18
What is -110 (base 6) in base 15?
-2c
Convert -112 (base 13) to base 10.
-184
What is 175 (base 13) in base 7?
526
-130 (base 6) to base 12
-46
Convert -12 (base 10) to base 11.
-11
What is 12 (base 4) in base 3?
20
-2 (base 5) to base 14
-2
0 (base 4) to base 10
0
Convert 50 (base 8) to base 2.
101000
Convert bb (base 12) to base 15.
98
Convert 0 (base 7) to base 2.
0
Convert 3 (base 15) to base 11.
3
Convert 1 (base 7) to base 5.
1
Convert 0 (base 2) to base 10.
0
-44 (base 5) to base 8
-30
What is 10 (base 13) in base 16?
d
-2422 (base 5) to base 3
-111102
What is -42 (base 5) in base 16?
-16
Convert -5 (base 9) to base 13.
-5
0 (base 2) to base 6
0
Convert 22 (base 3) to base 15.
8
What is 1 (base 7) in base 3?
1
Convert 114 (base 5) to base 9.
37
-546 (base 7) to base 3
-101